c) be the second derivative of c**4/12 - 5*c**3/6 - c**2 - 46*c. Calculate r(5).
-2
Let y be (-5 + 40/12)*3. Let i(n) = -n**2 - 4*n + 3. Determine i(y).
-2
Suppose 12 = 9*u - 5*u. Let l(s) = 0*s - u*s + 1 - 15*s. Give l(1).
-17
Let m(b) = -b**3 + b**2 + b + 4. Suppose -7 + 2 = -u. Suppose 0 = -u*g + 2*g. Determine m(g).
4
Let o(c) = 10*c + 0*c**2 + 221 - 227 - 3*c - c**2. Suppose -26 = -2*h - s, h - s = -4*s + 13. Suppose 0 = 3*b - 2 - h. Give o(b).
4
Let f(p) = -p**2 - 6*p - 3. Suppose 2*l = 7*l + i + 18, -18 = l + 5*i. Let o(y) = y**3 + 3*y**2 + 2*y + 4. Let c be o(l). What is f(c)?
5
Let z(f) = -f**2 + 9*f + 9. Let b be z(9). Let u(l) = l**2 - 9*l + 1. What is u(b)?
1
Let o(f) = f + 2. Suppose 4 = -s + 3*s. Give o(s).
4
Suppose 0 - 2 = -l. Let d(j) = 4 + 6*j - j**2 + l*j**2 + 0*j**2. What is d(-3)?
-5
Let t(x) = -2*x**3 + 32*x**2 + x - 7. Let l be t(16). Let z(d) = d**3 - 9*d**2 - 2. Determine z(l).
-2
Let c(f) = -f + 3. Suppose s + 13*x = 12*x - 8, 2*x = 2*s. Calculate c(s).
7
Let o = -2 + 5. Let l be 2/(-3 + 5)*o. Let u(f) = -f**3 + 4*f**2 - 2*f. Give u(l).
3
Suppose 4*h = -20, h + 11 = p - 4*p. Let l(z) = -z + 1. Let m(u) = 3*u + 0*u + 0 - 2. Let j(v) = p*m(v) - 4*l(v). What is j(-2)?
4
Suppose -3 + 24 = 3*i. Let y(w) = w**2 - 8*w + 1. Give y(i).
-6
Let d(m) be the first derivative of m**5/10 + m**4/6 + m**3/6 + m**2 + 3*m - 2. Let v(u) be the first derivative of d(u). What is v(-2)?
-8
Let f(w) = -3*w - 3 - 3 + 3*w - 2*w. Suppose -4 + 33 = -4*v - 3*n, 10 = v - 5*n. Give f(v).
4
Let m(b) = -4*b + 1. Let r(t) = 3*t - 1. Suppose -3*j + 2*j = -3. Let i(w) = j*r(w) + 2*m(w). Determine i(1).
0
Let x(a) = a**2 + 2*a + 3. Let z = -76 - -72. What is x(z)?
11
Let b(p) be the second derivative of p**4/12 + 4*p**3/3 - 35*p. What is b(-5)?
-15
Suppose -b = 7*b + 8. Let t(r) = 9*r**2 - 1. Give t(b).
8
Let j be ((-5)/1)/(3 + -2). Let r(h) be the third derivative of -h**2 - 1/6*h**4 - 1/60*h**5 + 0 + 0*h + h**3. Determine r(j).
1
Let w(j) = j**2 - 11*j + 2. Let m be 4/(0 - -1)*(-5)/(-2). Calculate w(m).
-8
Let o(u) = -u**2 - 6*u + 3 + 20*u - 10*u. Let r = -1 - -5. What is o(r)?
3
Let f(z) = z**2 - 12*z - 16. Let n be f(14). Suppose -2*i - n + 0 = 0. Let m(g) = -g - 7. Determine m(i).
-1
Let n(p) = -6*p - 26. Let k(v) = -2*v - 9. Let l = 2 + 1. Let u(a) = l*n(a) - 8*k(a). Give u(-5).
4
Let v(h) = -h - 14. Let u be v(-8). Let x(g) = 2*g + 3. Calculate x(u).
-9
Let j(z) = 2 - z + 4 + 2*z. Suppose 0 = 5*f + 4*x + 15, 2*f - 3*x = 4*f + 6. Let u be (-1)/4*-4*f. Calculate j(u).
3
Let v(i) = 3*i + 2. Let z = -52 - -50. What is v(z)?
-4
Let n = -193 + 393/2. Let g(u) be the second derivative of -2*u - n*u**2 + 0 + 2/3*u**3 + 1/12*u**4. Determine g(-5).
-2
Let v = -237 + 241. Let r(a) = a**3 - 6*a**2 + a**2 + 4*a + 5 - 3*a. What is r(v)?
-7
Let s(b) = 13 + 1535*b + b**3 - 1535*b - b**2. Calculate s(0).
13
Let w be 21/6 + 6/(-4). Let v = w - 2. Let g(f) = -f**3 - f**2 - 2. Calculate g(v).
-2
Suppose -i = 2*c + 5, -3*c = 3*i + 3 + 3. Let x be (-3)/(i + (0 - 2)). Let f(m) = -2 + x*m + 4 - 4 - 4*m. What is f(0)?
-2
Suppose -5*f = 3*z - 20, -f + 6 = 3*z - 2*z. Let o be 3/3 - -1 - 2. Suppose z*v + o*v = 20. Let j(x) = -x**3 + 5*x**2 - 3*x - 4. What is j(v)?
0
Let q(l) = l**3 + 6*l**2 - 5*l + 15. Let k be q(-7). Let s(w) = -4*w**2 + 4*w - 1. Let r(g) = 9*g**2 - 7*g + 2. Let j(u) = -3*r(u) - 5*s(u). Give j(k).
-7
Let t(f) be the third derivative of -1/10*f**5 - 1/4*f**4 + 0 + 0*f - 1/120*f**6 + 7*f**2 - f**3. Calculate t(-5).
-1
Let j(z) = -2*z - 15. Let g be j(-10). Let p(k) = k. Give p(g).
5
Let b(t) = -3*t - 2 + 1 - t. Let j(u) = -u**3 - 3*u**2 - u - 2. Let q be j(-3). What is b(q)?
-5
Let i(k) = k - 8. Suppose 4 = -2*a, 6*a - 10 = -2*w + 5*a. Let u be (-8)/(-12) + 20/w. Determine i(u).
-4
Let n be (1/(-4))/(17/(-68)). Let o(z) = 2*z**2 - 2*z + 1. Calculate o(n).
1
Suppose 4*b = d + 28, -2*b + d + 4 = 3*d. Let f(s) = -s + 2. Give f(b).
-4
Let z(v) = v + 6. Suppose 2*p + 12 = -3*r, -r + 8 = -3*r. Let n be (p - 6/(-3)) + -5. Give z(n).
3
Suppose 2*b - 6 - 4 = 0. Suppose 3*s - 4 = b. Let t(k) = 4*k**2 - 2 - 4*k**2 - k**s + 3*k**2. Calculate t(3).
-2
Let h(i) = 3*i**3 - 2*i**2 - 9 + 2*i**3 - 5*i**2 - 6*i**3. Give h(-7).
-9
Let k(r) = -5*r**2 + 8*r - 1. Let s(j) = -11*j**2 + 16*j - 3. Let g(c) = 13*k(c) - 6*s(c). What is g(-7)?
-2
Let s(a) = a**2 + 0*a - 4*a**3 - a + 2*a. Let k(z) = z**3 - 16*z**2 + 16*z - 18. Let g be k(15). Let m(d) = d**2 + 3*d - 1. Let i be m(g). Determine s(i).
4
Let m = -15 - -21. Let k be 5/3 + (-4)/m. Let o(y) be the third derivative of y**4/6 + 3*y**2. Calculate o(k).
4
Let f be (2 - 1)*(-21)/(-7). Suppose -5*k + f*k = 2. Let d(n) = -4*n - 3. Let y(o) = 2*o + 2. Let v(s) = 3*d(s) + 5*y(s). What is v(k)?
3
Let x(z) be the third derivative of -z**4/8 + 7*z**2. Let v = -5 + 2. Determine x(v).
9
Let v be (3/6)/(2/4). Let j(f) = -3*f**2 + f**3 + 2*f**2 + 2*f**2 - f + 4*f**3. Calculate j(v).
5
Let l(f) = f - 3. Let o(z) = -4*z + 13. Let y(w) = -9*l(w) - 2*o(w). Give y(0).
1
Let p(x) = x**3 - x**2 - 2*x + 3. Suppose 4*l + 6 = 7*l. What is p(l)?
3
Suppose 0 = -4*w + 8*w + 8. Let v = w + -1. Let z(k) = -k + 3. Determine z(v).
6
Let t(z) be the second derivative of z**5/60 + 7*z**4/24 + z**3/3 - 5*z**2/2 - 5*z. Let g(r) be the first derivative of t(r). Calculate g(-6).
-4
Let x be (-268)/(-10) - (-4)/20. Let a(b) = x - b - 27. Determine a(2).
-2
Let c(x) = x**3 + 6*x**2 + x - 3. Suppose -147 - 3 = -5*n. Suppose 0 = -7*i + 2*i - n. What is c(i)?
-9
Let v(r) be the first derivative of r**3/3 + 3*r**2 - 2*r + 4. Suppose 0 = -j - 8 + 3. What is v(j)?
-7
Let u be (1 - -9)/(-2) + 2. Let t = u + 5. Let b(a) = -2*a**2 + a - 1. Let i(v) = -v**3 - 3*v**2 + 2*v - 4. Let z(q) = -3*b(q) + i(q). Calculate z(t).
1
Let b(f) = -3*f - 7. Let q = -9 - -3. What is b(q)?
11
Let v(b) = b**3 + 10*b**2 + 11*b + 2. Let c(h) = -h**2 - h + 1. Let i(q) = -4*c(q) - v(q). Calculate i(-4).
-10
Let k(g) = -g + 3. Let i be k(0). Let r(w) = -2*w - 4 - i*w + w**2 + 2*w. Let z = 3 - 0. Determine r(z).
-4
Let w(d) = -d - 3*d**3 - 7 + 5 + 3*d**2 + 2*d. Calculate w(2).
-12
Let i be 7/5 - (-4)/(-10). Suppose k - 2*k + i = 0. Let d(f) = f**2 + 2*f - 1. What is d(k)?
2
Let g = -13 + 10. Let c(q) = 3 - 5 - 2*q + 3. Let j(a) = -1. Let h(d) = c(d) + 4*j(d). Calculate h(g).
3
Let l(v) = 4*v**2 - 6*v - 2. Let h(d) = 3*d**2 - 6*d - 1. Let q(n) = -3*h(n) + 2*l(n). Determine q(7).
-8
Let h(n) = 2*n + 12. Let x be h(-8). Let c = x - -6. Let q(w) = 2 - w - 4*w + w. Determine q(c).
-6
Suppose 3*w = -2*c + 4*c + 20, -w = 4*c + 12. Let q(l) = -l**3 + 3*l**2 + 3*l + 3. Determine q(w).
-1
Let x(c) = -7*c - 2. Suppose -2*g + 5 = -g. Let p(o) = 11*o. Let a(r) = -5*r. Let m(s) = -9*a(s) - 4*p(s). Let d(i) = g*m(i) + x(i). Give d(-3).
4
Suppose 4*x - 3*x = 4. Suppose -2*u = 2*d + 8, -d - 5*u = d + 2. Let r be (-30)/9*d/x. Let i(l) = -l**3 + 4*l**2 + 5*l + 1. What is i(r)?
1
Let l(s) = s**3 + 8*s**2 - 9*s - 6. Suppose -5*d = 6 + 39. What is l(d)?
-6
Let l(y) = 27*y - 1 + 0 - 28*y + 6. Let z(j) = 3*j - 10. Let g(s) = -5*l(s) - 2*z(s). Give g(-4).
-1
Let f(o) = -o**3 + 4*o**2 + 5*o + 1. Let b(j) = 2 - 11*j - 9 + 8*j**3 - 7*j**3 - 11*j**2. Let z be b(12). What is f(z)?
1
Let w be (-1*1)/(3/(-6)). Let y(g) = -g**w - 2 + 2 + 4*g. Suppose -4*b - 5*h + 22 = 0, -5*h + 2*h - 9 = -5*b. Give y(b).
3
Let m be 5/2*(-40)/(-25). Let i(r) = -r**2 + 3*r. What is i(m)?
-4
Let y(i) = -i**3 - 2*i**2 - i. Let m be y(-1). Let t(k) = 4*k + 1. Let p(h) = -h + 1. Suppose -3 + 0 = 3*q. Let l(a) = q*t(a) - 3*p(a). Calculate l(m).
-4
Let f(s) = -5 + 5 + 4*s + 0. What is f(-1)?
-4
Suppose 2*g - 10 = 4*m, 6*m + 10 = m + 3*g. Let s(l) be the third derivative of -1/3*l**3 - 1/12*l**5 + 0*l**4 - 5*l**2 - 1/120*l**6 + 0*l + 0. What is s(m)?
-2
Let g(i) = i + 2. Let k be 1 + 6/2 + 0. Suppose -k*f + 0*f = 0. Suppose -2*a - 20 = 4*x - 0*x, x + 3 = f. Calculate g(a).
-2
Let d(h) be the second derivative of h**3/3 - 3*h**2 + 26*h. Determine d(4).
2
Let i(b) = 1. Let n(q) = -q. Let z(g) = 4*i(g) - n(g). Let v = 2 + 3. Suppose 0 = -4*x - 5*a - 25, a + 1 = -v*x - 4. Calculate z(x).
4
Let h be 80/45 - 6/(-27). Let j(q) be the second derivative of -1/2*q**h + 0 - 1/4*q**4 + 0*q**3 + 2*q. Calculate j(1).
-4
Let u be (-1)/(0 + 1 + -2). Let i(a) = 11*a**2 - 